Does 812 divide 7934?
False
Does 11 divide 88861?
False
Is 843 a factor of 1384206?
True
Is 39 a factor of 838110?
True
Is 11 a factor of 43472?
True
Is 111622 a multiple of 98?
True
Is 140299 a multiple of 21?
False
Does 182 divide 111202?
True
Is 1004971 a multiple of 887?
True
Is 967136 a multiple of 17?
False
Does 15 divide 78165?
True
Is 113 a factor of 64636?
True
Is 32550 a multiple of 101?
False
Does 18 divide 343675?
False
Is 153996 a multiple of 5?
False
Does 23 divide 2898?
True
Is 64668 a multiple of 12?
True
Does 28 divide 1190336?
True
Does 4 divide 909779?
False
Is 468694 a multiple of 46?
True
Does 667 divide 224112?
True
Is 229955 a multiple of 3?
False
Is 667 a factor of 3521760?
True
Does 13 divide 4177084?
False
Does 5 divide 442236?
False
Does 1016 divide 7172960?
True
Does 554 divide 2639256?
True
Is 421344 a multiple of 171?
True
Is 198380 a multiple of 91?
True
Does 16 divide 51200?
True
Is 487 a factor of 1344607?
True
Is 296 a factor of 3297440?
True
Is 37 a factor of 164870?
False
Is 210345 a multiple of 37?
True
Is 219 a factor of 228198?
True
Is 114 a factor of 20064?
True
Does 3 divide 165861?
True
Is 16 a factor of 18306080?
True
Does 44 divide 370260?
True
Does 17 divide 5860750?
True
Does 21 divide 1060856?
False
Does 285 divide 98379?
False
Does 38 divide 889150?
False
Does 12 divide 130054?
False
Is 171 a factor of 759646?
False
Does 52 divide 714064?
True
Is 21 a factor of 232540?
False
Is 142 a factor of 650450?
False
Is 14 a factor of 3857224?
True
Does 4 divide 175308?
True
Does 5 divide 424350?
True
Does 13 divide 604487?
True
Does 27 divide 81688?
False
Is 440 a factor of 25275800?
True
Is 2071972 a multiple of 39?
False
Is 31 a factor of 761687?
False
Does 221 divide 365501?
False
Does 13 divide 331776?
False
Does 78 divide 1893294?
True
Does 8 divide 201216?
True
Does 61 divide 597983?
True
Is 391 a factor of 138414?
True
Is 124 a factor of 2724997?
False
Is 5 a factor of 247055?
True
Is 387 a multiple of 9?
True
Is 25549 a multiple of 29?
True
Does 196 divide 162484?
True
Is 387 a factor of 192717?
False
Does 63 divide 247412?
False
Does 384 divide 168192?
True
Is 116 a factor of 232232?
True
Does 70 divide 1964130?
True
Is 141736 a multiple of 7?
True
Is 29 a factor of 991481?
True
Is 381 a factor of 14490954?
True
Is 5 a factor of 984276?
False
Does 247 divide 3612128?
True
Is 1394795 a multiple of 198?
False
Does 147 divide 14148797?
False
Is 63 a factor of 264052?
False
Is 22131822 a multiple of 10?
False
Does 429 divide 525096?
True
Is 176980 a multiple of 7?
False
Does 12 divide 14723707?
False
Is 389258 a multiple of 6?
False
Is 4025441 a multiple of 79?
False
Does 22 divide 658130?
True
Is 10 a factor of 61961?
False
Is 408385 a multiple of 5?
True
Does 98 divide 1562806?
True
Is 1000197 a multiple of 10?
False
Does 21 divide 789280?
False
Is 112 a factor of 111766?
False
Is 92 a factor of 2116?
True
Is 112882 a multiple of 77?
True
Does 19 divide 4046652?
False
Does 8 divide 1619688?
True
Does 9 divide 300332?
False
Is 113 a factor of 44522?
True
Is 4 a factor of 201300?
True
Does 61 divide 85766?
True
Does 16 divide 6728?
False
Does 77 divide 52283?
True
Does 222 divide 851358?
False
Is 2462070 a multiple of 13?
True
Does 148 divide 11309864?
True
Is 19153 a multiple of 88?
False
Is 2627057 a multiple of 185?
False
Is 7 a factor of 171843?
True
Is 15 a factor of 2945403?
False
Is 431870 a multiple of 387?
False
Is 42 a factor of 400848?
True
Is 312 a factor of 60459?
False
Is 6370188 a multiple of 12?
True
Does 447 divide 3915720?
True
Is 26 a factor of 106392?
True
Does 12 divide 208332?
True
Is 104 a factor of 112281?
False
Does 106 divide 956793?
False
Is 49248 a multiple of 14?
False
Is 1057 a factor of 10282496?
True
Does 71 divide 135610?
True
Is 19 a factor of 2921915?
True
Does 155 divide 8525?
True
Is 447032 a multiple of 19?
True
Is 19113339 a multiple of 1688?
False
Is 1956355 a multiple of 11?
False
Does 985 divide 424990?
False
Does 54 divide 1793837?
False
Does 102 divide 1570392?
True
Is 3828549 a multiple of 15?
False
Is 14209360 a multiple of 20?
True
Is 260 a factor of 159613?
False
Is 520 a factor of 522839?
False
Is 181997 a multiple of 9?
False
Is 166562 a multiple of 2?
True
Does 53 divide 2502447?
False
Is 1430000 a multiple of 110?
True
Is 40040 a multiple of 11?
True
Does 115 divide 4560325?
True
Does 23 divide 438812?
False
Is 4 a factor of 3576321?
False
Is 6 a factor of 1043904?
True
Is 6461136 a multiple of 176?
True
Does 128 divide 1435172?
False
Is 11291283 a multiple of 20?
False
Is 5371238 a multiple of 12?
False
Does 7 divide 2258420?
False
Is 353 a factor of 263573?
False
Is 327 a factor of 29496708?
True
Does 71 divide 2115255?
False
Is 66 a factor of 8099?
False
Is 40809 a multiple of 60?
False
Is 7 a factor of 462607?
False
Is 12435700 a multiple of 20?
True
Is 88 a factor of 4742848?
True
Is 4638120 a multiple of 60?
True
Is 2292373 a multiple of 22?
False
Does 505 divide 581148?
False
Is 737470 a multiple of 90?
False
Is 37 a factor of 59244?
False
Is 30 a factor of 2104740?
True
Is 13 a factor of 159252?
False
Is 137 a factor of 154810?
True
Is 18 a factor of 172420?
False
Is 6817635 a multiple of 24?
False
Does 45 divide 27101?
False
Is 241485 a multiple of 51?
True
Does 89 divide 3636540?
True
Is 4710120 a multiple of 12?
True
Does 198 divide 123552?
True
Is 114 a factor of 6912707?
False
Is 14 a factor of 12956692?
True
Does 123 divide 725908?
False
Is 629004 a multiple of 367?
False
Does 157 divide 607590?
True
Is 99 a factor of 470386?
False
Is 10 a factor of 6843345?
False
Is 385 a factor of 15400?
True
Is 3407625 a multiple of 75?
True
Does 95 divide 17730?
False
Is 7284016 a multiple of 16?
True
Does 6 divide 57462?
True
Is 186 a factor of 106228?
False
Does 275 divide 2280965?
False
Is 422 a factor of 1198480?
True
Is 180 a factor of 147039?
False
Does 86 divide 1889364?
False
Is 38 a factor of 6250873?
False
Does 78 divide 1829334?
True
Does 23 divide 96968?
True
Is 59031 a multiple of 9?
True
Is 2431668 a multiple of 41?
False
Is 96148 a multiple of 139?
False
Does 145 divide 52658?
False
Does 17 divide 86938?
True
Is 781 a factor of 1483119?
True
Is 3040765 a multiple of 163?
True
Is 69161 a multiple of 91?
False
Is 598092 a multiple of 132?
True
Is 337571 a multiple of 13?
True
Is 64 a factor of 729728?
True
Is 117888 a multiple of 117?
False
Is 30 a factor of 163890?
True
Does 22 divide 630989?
False
Does 134 divide 246560?
True
Is 57 a factor of 935370?
True
Is 111 a factor of 104300?
False
Is 1601904 a multiple of 8?
True
Does 829 divide 9213995?
False
Is 7 a factor of 9600?
False
Is 308616 a multiple of 12?
True
Is 5 a factor of 1287495?
True
Is 20671 a multiple of 3?
False
Does 3 divide 83431?
False
Is 12 a factor of 19194804?
True
Does 22 divide 20504?
True
Is 12 a factor of 460353?
False
Does 29 divide 29029?
True
Is 13 a factor of 160511?
True
Is 199 a factor of 355911?
False
Does 354 divide 382674?
True
Is 16547273 a multiple of 9?
False
Is 1151593 a multiple of 7?
False
Is 112 a factor of 439077?
False
Does 1021 divide 607495?
True
Is 34 a factor of 3103248?
True
Does 13 divide 1669156?
False
Is 757792 a multiple of 201?
False
Is 17500690 a multiple of 1613?
False
Is 1043041 a multiple of 2?
False
Does 2443 divide 31177431?
False
Is 1489376 a multiple of 56?
True
Does 4 divide 44376?
True
Is 104 a factor of 144352?
True
Does 20 divide 790051?
False
Is 15 a factor of 1155788?
False
Is 929340 a multiple of 540?
True
Does 11 divide 386643?
False
Does 246 divide 297448?
False
Is 90279 a multiple of 69?
False
Is 271 a factor of 1977215?
False
Is 378 a factor of 95307?
False
Is 298 a factor of 6550934?
True
Does 76 divide 76456?
True
Is 14 a factor of 1374410?
False
Does 1660 divide 34041620?
True
Is 372 a factor of 913260?
True
Does 7 divide 745143?
True
Does 98 divide 150230?
False
Is 88 a factor of 724382?
False
Is 83418 a multiple of 22?
False
Is 12 a factor of 479733?
False
Is 6 a factor of 157340?
False
Is 61 a factor of 5919684?
True
Is 391 a factor of 1437707?
True
Is 589939 a multiple of 497?
True
Is 16 a factor of 180213?
False
Is 587 a factor of 1455173?
True
Is 11 a factor of 84689?
True
Is 1201560 a multiple of 190?